*s + 526*s. List the prime factors of s.
379
Let d = -14 - 12. Let k = d - 31. Let z = -36 - k. List the prime factors of z.
3, 7
Suppose 9 = -16*n + 17*n. Let s(q) = q**2 - 9*q - 3. Let u be s(n). Let j = 23 - u. What are the prime factors of j?
2, 13
Suppose -8*i + 228 = -3196. Suppose -120 + i = 7*t. List the prime factors of t.
2, 11
Let l = 26217 - -39088. List the prime factors of l.
5, 37, 353
Suppose h - 38 + 5 = 0. Let r be (-6)/(-33) + 324/h. Let n(x) = x**2 - 8*x + 6. List the prime factors of n(r).
2, 13
Let m(a) = 290*a**2 - 21*a - 299. What are the prime factors of m(-11)?
2, 3, 13, 449
What are the prime factors of 51102 - (2 + -22)*-1?
2, 25541
What are the prime factors of ((-3483)/(-172) - 21)/((-3)/70640)?
2, 5, 883
Suppose -3*r = -3*d + 2328, 2*r + 2 = -10. What are the prime factors of d?
2, 5, 7, 11
Suppose 131865 = 3*w + 2*j, 331*j - 330*j = 4*w - 175798. List the prime factors of w.
43951
Let k = -420 - -616. Let t = k - 56. Suppose -5*q - 49 + 210 = 2*v, 5*v = 5*q - t. List the prime factors of q.
31
Suppose -4*v = 3*u - 2 + 1, u = -4*v - 13. Let g = -460 + 521. Let z = g + u. List the prime factors of z.
2, 17
Let v(s) = 15*s**2 - 435*s + 543. What are the prime factors of v(58)?
3, 11, 71
Let h(w) = 20*w - 2. Let p be h(4). Let o(z) = 2*z**3 - 18*z**2 - 17*z - 10. Let j be o(10). Let g = p - j. What are the prime factors of g?
2, 29
Let x(z) = -3 + 23*z - z**2 - 46*z + 0 + 27*z + 20*z**3. List the prime factors of x(2).
7, 23
Let d(l) = 10*l**2 - 7*l - 10. Let m(h) = 40*h**2 - 28*h - 41. Let x(k) = -9*d(k) + 2*m(k). Let u be x(-4). List the prime factors of (u/(-6))/(3/8).
2, 5
Let f(g) = -5*g + 8. Suppose -c - 4*c + 10 = 0. Let k be f(c). What are the prime factors of ((-4)/10)/((-236)/(-120) + k)?
2, 3
What are the prime factors of 12717 + 3 - (-7 + 9 - 4)?
2, 6361
Suppose -5*o - 3*m + 481 = -3*o, 5*o + 4*m - 1220 = 0. Let n = o + -179. List the prime factors of n.
3, 23
Let h = 165 + 31. Let r = 307 - h. List the prime factors of r.
3, 37
Let b = -599 - -209. Let g = 38 - b. What are the prime factors of g?
2, 107
Suppose 30 = 15*p - 21*p. Let h = p - 67. What are the prime factors of 8/h + 2630/18?
2, 73
Let g(p) = 3144*p - 10730. What are the prime factors of g(9)?
2, 8783
Let o be (-1233)/(-685) + (-1634)/5. Let y = -51 - -569. Let k = o + y. List the prime factors of k.
193
Let a(o) = -o**3 - 34*o**2 - 44*o + 10. Let t(x) = -2*x**3 - 69*x**2 - 89*x + 19. Let r(g) = 9*a(g) - 4*t(g). List the prime factors of r(-29).
3, 37
Let j be (8 + -6)/(4/6). Suppose j*o - a = 2*a + 702, 4*o - 2*a - 932 = 0. List the prime factors of o.
2, 29
Suppose -15*m + 12*m = -4*u - 3806, -3*m = -3*u - 3804. Suppose 0 = -3*g + g + m. List the prime factors of g.
3, 211
Let q(b) = b**3 - 5*b**2 - 9*b + 4. Let w be q(10). Let v = w + 10. List the prime factors of v.
2, 53
Suppose 71*b - 67*b + 5*l = 2474, -2*b = 2*l - 1236. What are the prime factors of b?
2, 7, 11
Let b(s) be the third derivative of 189*s**6/40 - s**5/30 + 5*s**4/24 - s**3/3 - 151*s**2. List the prime factors of b(1).
2, 71
Let i(m) = 7*m + 74. Let o be i(17). Suppose -2*z + o = -319. What are the prime factors of z?
2
Let n = 43584 - 29612. What are the prime factors of n?
2, 7, 499
Suppose -v = 3*v - 32. Suppose -12*p + v*p = -2624. Suppose -102 = -2*q + 2*z + 170, -5*q - 3*z + p = 0. List the prime factors of q.
7, 19
Suppose -15*z = -z - 770. Suppose -48*g - 8834 = -z*g. What are the prime factors of g?
2, 631
Let p(n) = -n**2 + 4*n + 8. Let w be p(6). List the prime factors of (-3528)/(-20)*(-10)/w.
3, 7
Suppose 5*b = 450*y - 445*y - 39450, 0 = -y + 4*b + 7890. What are the prime factors of y?
2, 3, 5, 263
Let k be (-4)/10 + 6584/10 + -2. Let q = k + -463. List the prime factors of q.
193
Suppose -4*d + 10 = -2*d. Suppose -10 + 2 = -4*m, 3*m + 690 = 3*p. Suppose -d*q + p = -0*q + w, 5*q = -2*w + 229. What are the prime factors of q?
47
Let b(l) = -4*l - 6. Let s be b(0). Let m(y) = 9*y**2 - 2*y - 5. What are the prime factors of m(s)?
331
Suppose 2932243 = 143*w - 64*w. What are the prime factors of w?
37117
Let p(y) = 6*y**2 - 8*y - 525. What are the prime factors of p(-19)?
11, 163
Let o(t) = t**3 + 15*t**2 + 5*t + 24. Let s(n) = -n**3 + 2*n**2 - 2*n - 9. Let c be s(0). What are the prime factors of o(c)?
3, 5, 31
Let y be (-27*3)/(36/(-384)). Suppose -5*z = -z, -4*m + y = -5*z. List the prime factors of m.
2, 3
Suppose 43 = -10*s - 47. Let r be (s - 0)/(24/4 - 7). Let q = r + 54. List the prime factors of q.
3, 7
Suppose -12550 = -9*z + 13361. What are the prime factors of z?
2879
Let s(v) = 5*v**2 + 5*v - 2. Suppose 65 = -11*b + 24*b. Let y be s(b). Suppose -3*p + y + 41 = 0. List the prime factors of p.
3, 7
Let s(f) = 172*f**2 - 42*f - 356. What are the prime factors of s(-12)?
2, 6229
Suppose -25*d = 125*d - 424221 - 24729. List the prime factors of d.
41, 73
Let z(i) = 7*i**2 + 54 + 8*i - 76 + 35. List the prime factors of z(-6).
7, 31
List the prime factors of -29*((-208)/(-13) + -29).
13, 29
Let w be (3/((-12)/(-164)))/(5/160). What are the prime factors of (-6)/4*(w/3)/(-1)?
2, 41
Let h(j) = 5*j + 1 + 1 - 15*j. Let z = -2648 + 2634. List the prime factors of h(z).
2, 71
Let u(s) = -510*s**2 - 9*s + 3. Let b be u(-2). Let l = b + 3428. List the prime factors of l.
1409
Suppose -14*s + 19*s - 2*r - 51598 = 0, 0 = 4*s + r - 41294. What are the prime factors of s?
2, 13, 397
Let z = -7 + 10. Let a be (0 - (-1 + z)) + 16. What are the prime factors of a*(120/21 - 4)?
2, 3
Suppose -5*w = 2*h - 14162, -249*w + 248*w = -4. List the prime factors of h.
3, 2357
What are the prime factors of (34/10)/((-26)/(-131686 + -4))?
17, 1013
Let t(a) = a**3 - 38*a**2 - 67*a - 39. What are the prime factors of t(42)?
3, 467
Let h(u) = u**2 - 59*u - 491. List the prime factors of h(-9).
11
Let i(y) = -8*y - 24 - 27*y + 22*y - 15*y. List the prime factors of i(-12).
2, 3, 13
Suppose 0 = -4*z - 4*l + 68, z - 15 = 2*l - l. Let g = -1161 - -1165. Suppose v - g = z. List the prime factors of v.
2, 5
Let w = 78 + -82. List the prime factors of -5 + w*(-1405)/20.
2, 3, 23
Let i(y) = -244*y + 2. Suppose 0 = -8*l - 74 + 42. List the prime factors of i(l).
2, 3, 163
Let r(o) = 19*o + 135. Let u be r(-7). Suppose 4*a = -5*b + 1382, 3*a = -u*b + 7*a + 564. What are the prime factors of b?
2, 139
Let o(i) = i**2 + 22*i + 45. Let r be o(-20). What are the prime factors of (-4)/4 + r - -105?
109
Let a be 1659/(-14)*4*3/6. Let k = a + 577. What are the prime factors of k?
2, 5, 17
List the prime factors of (37903 - 5) + 22 + -11.
167, 227
Suppose -14*m + 508792 = -97072. List the prime factors of m.
2, 31, 349
Suppose s = 5*s. Suppose -g = -2*u - 81, 0 = g - s*g + u - 90. Suppose -q + g = -16. What are the prime factors of q?
103
Let g(c) = -16*c - 7. Let h be g(-1). Suppose -2 - h = -5*f - i, -3*f - 3*i + 9 = 0. Suppose b - 154 = f. List the prime factors of b.
2, 3, 13
Let a = 203 - 203. Suppose -12*c + a*c = -2220. List the prime factors of c.
5, 37
Suppose -4*z - 2472 = -2*v, -4*v = -3*v - z - 1240. What are the prime factors of v?
2, 311
Let p be 1 + (7 - (-6 - -4)) + 3. Suppose v = 370 + 435. Suppose 18*g - p*g - v = 0. What are the prime factors of g?
7, 23
What are the prime factors of ((-72646)/88 + (-147)/(-539))*-8?
2, 3301
Let g(q) = 66*q**2 + 155*q + 3262. What are the prime factors of g(-29)?
3, 79, 229
Let w = 10524 + -6588. What are the prime factors of w?
2, 3, 41
Suppose -1199 - 1601 = -7*s. Let p = -263 + s. List the prime factors of p.
137
Suppose 214302 = 20*g + 40342. What are the prime factors of g?
2, 4349
Let w = 14206 - 5519. What are the prime factors of w?
7, 17, 73
Let d be ((-18)/(-30))/(((-4)/(-5))/4). Suppose -6*w + 2035 = -3*w + m, -d*m + 2043 = 3*w. List the prime factors of w.
677
Let a = -7981 + 4530. Let b = a + 5147. List the prime factors of b.
2, 53
Suppose 0 = 2*f + 10 - 26. List the prime factors of (-18 + f)*82/(-4).
5, 41
Let l be 142861/(-114) + (-3)/(-18). Let t = -559 - l. What are the prime factors of t?
2, 347
Let s be 3948/(-30) + (-6)/15. Let c = s + 480. List the prime factors of ((-6)/(-18))/(2/c).
2, 29
Let j(b) = -497*b**3 - 2*b**2 - 153*b - 599. What are the prime factors of j(-4)?
83, 383
List the prime factors of 6604 - ((-50)/(-